?
64
Calculate the remainder when 38896 is divided by 1498.
1446
What is the remainder when 507585 is divided by 299?
182
What is the remainder when 1673862 is divided by 27439?
83
Calculate the remainder when 15760 is divided by 439.
395
Calculate the remainder when 645093 is divided by 32.
5
Calculate the remainder when 284027 is divided by 70999.
31
Calculate the remainder when 144184 is divided by 5253.
2353
What is the remainder when 27881790 is divided by 1867?
12
Calculate the remainder when 12589988 is divided by 24494.
72
Calculate the remainder when 28552 is divided by 9511.
19
Calculate the remainder when 2189930 is divided by 16.
10
What is the remainder when 564957 is divided by 473?
195
What is the remainder when 678747 is divided by 3610?
67
What is the remainder when 247442 is divided by 17595?
1112
Calculate the remainder when 20287598 is divided by 16.
14
What is the remainder when 194105 is divided by 12702?
3575
Calculate the remainder when 68084 is divided by 4843.
282
Calculate the remainder when 55766 is divided by 27824.
118
Calculate the remainder when 639453 is divided by 12.
9
Calculate the remainder when 79354782 is divided by 4135.
4132
Calculate the remainder when 25855 is divided by 614.
67
What is the remainder when 528225 is divided by 40629?
48
What is the remainder when 5664121 is divided by 48001?
3
What is the remainder when 69729 is divided by 13914?
159
Calculate the remainder when 33717599 is divided by 3780.
3779
Calculate the remainder when 1419326 is divided by 8300.
26
Calculate the remainder when 437082 is divided by 245.
2
Calculate the remainder when 21717 is divided by 759.
465
What is the remainder when 1635684 is divided by 422?
12
Calculate the remainder when 5696574 is divided by 955.
954
Calculate the remainder when 2522894 is divided by 826.
290
Calculate the remainder when 3314 is divided by 3086.
228
Calculate the remainder when 30750 is divided by 14944.
862
What is the remainder when 463135 is divided by 7228?
543
Calculate the remainder when 13383925 is divided by 11918.
11
Calculate the remainder when 65116 is divided by 4214.
1906
Calculate the remainder when 306920 is divided by 50.
20
Calculate the remainder when 1298095 is divided by 1298095.
0
Calculate the remainder when 6716843 is divided by 1004.
83
Calculate the remainder when 5573528 is divided by 12.
8
What is the remainder when 1692810 is divided by 2319?
2259
Calculate the remainder when 13711674 is divided by 44.
42
Calculate the remainder when 76951111 is divided by 367.
19
Calculate the remainder when 94833034 is divided by 578.
574
Calculate the remainder when 4495132 is divided by 786.
784
Calculate the remainder when 7839691 is divided by 44043.
37
What is the remainder when 198867628 is divided by 11401?
11386
Calculate the remainder when 33439527 is divided by 1825.
52
What is the remainder when 36804 is divided by 7348?
64
What is the remainder when 46958 is divided by 35?
23
Calculate the remainder when 2911314 is divided by 210.
84
Calculate the remainder when 94692 is divided by 10278.
2190
Calculate the remainder when 94854340 is divided by 96593.
14
What is the remainder when 1235414 is divided by 1805?
794
Calculate the remainder when 147199 is divided by 16199.
1408
Calculate the remainder when 822079 is divided by 591.
589
Calculate the remainder when 684061925 is divided by 10126.
10121
Calculate the remainder when 214642802 is divided by 654.
2
What is the remainder when 1576338 is divided by 525413?
99
What is the remainder when 1400791 is divided by 71?
32
What is the remainder when 7739093 is divided by 257963?
203
What is the remainder when 430623 is divided by 116?
31
What is the remainder when 84623 is divided by 84448?
175
Calculate the remainder when 154146 is divided by 21988.
230
Calculate the remainder when 89778918 is divided by 1132.
1130
What is the remainder when 7581069 is divided by 344?
341
What is the remainder when 4434934 is divided by 164?
46
What is the remainder when 41031724 is divided by 20515823?
78
Calculate the remainder when 2024193 is divided by 404832.
33
What is the remainder when 453984 is divided by 1192?
1024
What is the remainder when 67712151 is divided by 29338?
47
What is the remainder when 38434262 is divided by 1016?
1014
Calculate the remainder when 6253 is divided by 1380.
733
What is the remainder when 17615450 is divided by 42?
20
What is the remainder when 13039479 is divided by 1629925?
79
Calculate the remainder when 1804559 is divided by 2920.
2919
What is the remainder when 2932 is divided by 356?
84
What is the remainder when 183549 is divided by 450?
399
Calculate the remainder when 22572231 is divided by 611.
58
What is the remainder when 4973109 is divided by 406?
15
What is the remainder when 1986341 is divided by 1936?
5
What is the remainder when 1645460 is divided by 273905?
2030
What is the remainder when 1301589 is divided by 650790?
9
Calculate the remainder when 5748054 is divided by 20902.
4
What is the remainder when 8505746 is divided by 295?
11
What is the remainder when 1626941 is divided by 5351?
237
Calculate the remainder when 630756 is divided by 19710.
36
What is the remainder when 18109740 is divided by 364?
12
What is the remainder when 1345249 is divided by 2170?
2019
Calculate the remainder when 8731666 is divided by 2710.
46
Calculate the remainder when 405275 is divided by 473.
387
What is the remainder when 420999 is divided by 1185?
324
What is the remainder when 2293977 is divided by 1146472?
1033
What is the remainder when 2315095842 is divided by 23?
22
What is the remainder when 78729563 is divided by 215?
3
What is the remainder when 17764570 is divided by 4486?
10
Calculate the remainder when 299028 is divided by 2866.
964
What is the remainder when 236147 is divided by 82?
69
What is the remainder when 137901 is divided by 481?
335
What is the remainder when 52782 is divided by 230?
112
What is the remainder when 36198 is divided by 1783?
538
Calculate the remainder when 176289 is divided by 2177.
2129
What is the remainder when 5714156277 is divided by 28?
25
Calculate the remainder when 139573 is divided by 4973.
329
What is the remainder when 25467956 is divided by 1931?
1928
What is the remainder when 1799917 is divided by 299986?
1
Calculate the remainder when 506682893 is divided by 2102.
2099
What is the remainder when 317362064 is divided by 31?
29
Calculate the remainder when 112056402 is divided by 311.
303
Calculate the remainder when 27606 is divided by 27499.
107
Calculate the remainder when 1378404 is divided by 609.
237
What is the remainder when 30807679 is divided by 287?
238
Calculate the remainder when 72206 is divided by 8818.
1662
What is the remainder when 29386391 is divided by 9795455?
26
Calculate the remainder when 7777 is divided by 2899.
1979
What is the remainder when 85060 is divided by 19285?
7920
What is the remainder when 34543813 is divided by 449?
447
What is the remainder when 5860287 is divided by 28?
27
Calculate the remainder when 593943876 is divided by 197981289.
9
Calculate the remainder when 4388317 is divided by 1398.
1393
What is the remainder when 32673326 is divided by 108549?
77
Calculate the remainder when 889999 is divided by 492.
463
Calculate the remainder when 175016 is divided by 43.
6
Calculate the remainder when 66611 is divided by 21403.
2402
What is the remainder when 2919551 is divided by 140?
131
Calculate the remainder when 574076012 is divided by 57.
56
What is the remainder when 533399 is divided by 9194?
147
Calculate the remainder when 2370821 is divided by 1702.
1637
Calculate the remainder when 4939143 is divided by 2469569.
5
What is the remainder when 753548 is divided by 125587?
26
Calculate the remainder when 7945484 is divided by 136.
92
What is the remainder when 67678 is divided by 8345?
918
Calculate the remainder when 476400 is divided by 21651.
78
Calculate the remainder when 241457 is divided by 80404.
245
Calculate the remainder when 37132 is divided by 1417.
290
Calculate the remainder when 6738514 is divided by 198.
178
Calculate the remainder when 814124 is divided by 473.
91
Calculate the remainder when 88443 is divided by 598.
53